ors of 3730.
2, 5, 373
List the prime factors of 2115.
3, 5, 47
What are the prime factors of 41686?
2, 19, 1097
List the prime factors of 1428.
2, 3, 7, 17
List the prime factors of 2626.
2, 13, 101
What are the prime factors of 107?
107
What are the prime factors of 454?
2, 227
What are the prime factors of 4054?
2, 2027
List the prime factors of 41603.
41603
What are the prime factors of 572?
2, 11, 13
What are the prime factors of 54513?
3, 673
What are the prime factors of 2741?
2741
What are the prime factors of 7009?
43, 163
What are the prime factors of 17286?
2, 3, 43, 67
What are the prime factors of 452?
2, 113
List the prime factors of 960.
2, 3, 5
List the prime factors of 31791.
3, 10597
List the prime factors of 108338.
2, 19, 2851
List the prime factors of 14620.
2, 5, 17, 43
List the prime factors of 73774.
2, 36887
What are the prime factors of 85609?
59, 1451
What are the prime factors of 3894?
2, 3, 11, 59
What are the prime factors of 120913?
13, 71, 131
List the prime factors of 1488.
2, 3, 31
List the prime factors of 45146.
2, 22573
List the prime factors of 268.
2, 67
List the prime factors of 3579.
3, 1193
What are the prime factors of 1472?
2, 23
List the prime factors of 18501.
3, 7, 881
List the prime factors of 2505.
3, 5, 167
List the prime factors of 17902.
2, 8951
List the prime factors of 973.
7, 139
List the prime factors of 30961.
7, 4423
What are the prime factors of 9444?
2, 3, 787
List the prime factors of 761.
761
List the prime factors of 43675.
5, 1747
List the prime factors of 669.
3, 223
What are the prime factors of 3857?
7, 19, 29
What are the prime factors of 6224?
2, 389
List the prime factors of 74161.
74161
List the prime factors of 13378.
2, 6689
List the prime factors of 131980.
2, 5, 6599
List the prime factors of 77012.
2, 13, 1481
List the prime factors of 3254.
2, 1627
List the prime factors of 30808.
2, 3851
What are the prime factors of 38684?
2, 19, 509
List the prime factors of 65368.
2, 8171
List the prime factors of 7818.
2, 3, 1303
What are the prime factors of 21285?
3, 5, 11, 43
What are the prime factors of 3289?
11, 13, 23
List the prime factors of 19230.
2, 3, 5, 641
List the prime factors of 201.
3, 67
What are the prime factors of 161?
7, 23
What are the prime factors of 2649?
3, 883
List the prime factors of 6612.
2, 3, 19, 29
List the prime factors of 317.
317
What are the prime factors of 19698?
2, 3, 7, 67
What are the prime factors of 14620?
2, 5, 17, 43
List the prime factors of 4095.
3, 5, 7, 13
List the prime factors of 6965.
5, 7, 199
What are the prime factors of 53801?
11, 67, 73
List the prime factors of 165727.
103, 1609
List the prime factors of 1185.
3, 5, 79
List the prime factors of 13649.
13649
What are the prime factors of 122954?
2, 13, 4729
What are the prime factors of 16224?
2, 3, 13
List the prime factors of 4600.
2, 5, 23
What are the prime factors of 4244?
2, 1061
List the prime factors of 11032.
2, 7, 197
List the prime factors of 4822.
2, 2411
List the prime factors of 15776.
2, 17, 29
List the prime factors of 19230.
2, 3, 5, 641
What are the prime factors of 1228?
2, 307
List the prime factors of 16693.
16693
What are the prime factors of 21?
3, 7
What are the prime factors of 6776?
2, 7, 11
What are the prime factors of 1042?
2, 521
List the prime factors of 3074.
2, 29, 53
List the prime factors of 8343.
3, 103
List the prime factors of 979.
11, 89
What are the prime factors of 339?
3, 113
List the prime factors of 404.
2, 101
What are the prime factors of 1132?
2, 283
List the prime factors of 143733.
3, 47911
What are the prime factors of 47076?
2, 3, 3923
What are the prime factors of 1383?
3, 461
List the prime factors of 3582.
2, 3, 199
What are the prime factors of 889?
7, 127
List the prime factors of 590.
2, 5, 59
What are the prime factors of 57911?
7, 8273
What are the prime factors of 8850?
2, 3, 5, 59
List the prime factors of 10866.
2, 3, 1811
What are the prime factors of 1288?
2, 7, 23
List the prime factors of 62477.
62477
List the prime factors of 17126.
2, 8563
List the prime factors of 14976.
2, 3, 13
What are the prime factors of 7872?
2, 3, 41
What are the prime factors of 36203?
41, 883
What are the prime factors of 18919?
18919
List the prime factors of 33416.
2, 4177
What are the prime factors of 12337?
13, 73
List the prime factors of 15850.
2, 5, 317
What are the prime factors of 40000?
2, 5
What are the prime factors of 4070?
2, 5, 11, 37
List the prime factors of 38671.
38671
List the prime factors of 1547.
7, 13, 17
List the prime factors of 3138.
2, 3, 523
List the prime factors of 122335.
5, 43, 569
What are the prime factors of 21196?
2, 7, 757
List the prime factors of 12000.
2, 3, 5
What are the prime factors of 43444?
2, 10861
List the prime factors of 757.
757
What are the prime factors of 9709?
7, 19, 73
What are the prime factors of 11944?
2, 1493
What are the prime factors of 18051?
3, 11, 547
List the prime factors of 19083.
3, 6361
What are the prime factors of 9291?
3, 19, 163
What are the prime factors of 14415?
3, 5, 31
List the prime factors of 60970.
2, 5, 7, 13, 67
List the prime factors of 4589.
13, 353
What are the prime factors of 4277?
7, 13, 47
What are the prime factors of 54961?
17, 53, 61
List the prime factors of 111711.
3, 23, 1619
What are the prime factors of 6245?
5, 1249
What are the prime factors of 2666?
2, 31, 43
List the prime factors of 4221.
3, 7, 67
List the prime factors of 20690.
2, 5, 2069
What are the prime factors of 490?
2, 5, 7
What are the prime factors of 4616?
2, 577
List the prime factors of 7915.
5, 1583
List the prime factors of 1399.
1399
What are the prime factors of 44285?
5, 17, 521
List the prime factors of 46084.
2, 41, 281
What are the prime factors of 10602?
2, 3, 19, 31
What are the prime factors of 3308?
2, 827
List the prime factors of 44.
2, 11
List the prime factors of 1169.
7, 167
List the prime factors of 38319.
3, 53, 241
List the prime factors of 2696.
2, 337
What are the prime factors of 800?
2, 5
What are the prime factors of 23445?
3, 5, 521
List the prime factors of 13253.
29, 457
List the prime factors of 15162.
2, 3, 7, 19
What are the prime factors of 1076?
2, 269
What are the prime factors of 817?
19, 43
What are the prime factors of 10507?
7, 19, 79
List the prime factors of 5894.
2, 7, 421
What are the prime factors of 102739?
7, 13, 1129
What are the prime factors of 895?
5, 179
What are the prime factors of 1901?
1901
What are the prime factors of 3561?
3, 1187
List the prime factors of 67649.
61, 1109
What are the prime factors of 864?
2, 3
What are the prime factors of 1314?
2, 3, 73
List the prime factors of 31694.
2, 13, 23, 53
What are the prime factors of 29062?
2, 11, 1321
What are the prime factors of 48186?
2, 3, 2677
What are the prime factors of 3903?
3, 1301
List the prime factors of 51352.
2, 7, 131
What are the prime factors of 33499?
139, 241
What are the prime factors of 11586?
2, 3, 1931
What are the prime factors of 51369?
3, 17123
List the prime factors of 9675.
3, 5, 43
What are the prime factors of 137118?
2, 3, 22853
List the prime factors of 19812.
2, 3, 13, 127
List the prime factors of 203788.
2, 13, 3919
List the prime factors of 223.
223
List the prime factors of 306.
2, 3, 17
What are the prime factors of 3515?
5, 19, 37
List the prime factors of 5995.
5, 11, 109
What are the prime factors of 19679?
11, 1789
What are the prime factors of 41902?
2, 7, 41, 73
What are the prime factors of 21697?
13, 1669
What are the prime factors of 257?
257
List the prime factors of 884.
2, 13, 17
List the prime factors of 836.
2, 11, 19
What are the prime factors of 31920?
2, 3, 5, 7, 19
List the prime factors of 3347.
3347
List the prime factors of 1175.
5, 47
What are the prime factors of 7370?
2, 5, 11, 67
List the prime factors of 3663.
3, 11, 37
What are the prime factors of 30219?
3, 7, 1439
List the prime factors of 3521.
7, 503
List the prime factors of 973.
7, 139
List the prime factors of 1289.
1289
List the prime factors of 3950.
2, 5, 79
List the prime factors of 45931.
23, 1997
List the prime factors of 17692.
2, 4423
List the prime factors of 1896.
2, 3, 79
What are the prime factors of 1822?
2, 911
List 